{"id":37999,"date":"2013-02-13T18:38:18","date_gmt":"2013-02-13T21:38:18","guid":{"rendered":"http:\/\/www.quintavision.cl\/portal\/?page_id=37999"},"modified":"2019-03-04T19:37:49","modified_gmt":"2019-03-04T22:37:49","slug":"emergencias-2","status":"publish","type":"page","link":"https:\/\/www.quintavision.cl\/portal\/infoweb\/emergencias-2\/","title":{"rendered":"Emergencias"},"content":{"rendered":"<p><img decoding=\"async\" class=\"aligncenter size-full wp-image-37996\" alt=\"emergencias\" src=\"http:\/\/www.quintavision.cl\/portal\/wp-content\/uploads\/2013\/02\/emergencias.jpg\" width=\"630\" height=\"75\" srcset=\"https:\/\/www.quintavision.cl\/portal\/wp-content\/uploads\/2013\/02\/emergencias.jpg 630w, https:\/\/www.quintavision.cl\/portal\/wp-content\/uploads\/2013\/02\/emergencias-300x35.jpg 300w\" sizes=\"(max-width: 630px) 100vw, 630px\" \/><\/p>\n<p><a href=\"http:\/\/www.bomberos.cl\" target=\"_blank\" rel=\"noopener noreferrer\">Bomberos<\/a><br \/>\n<span style=\"color: #ff0000;\">Emergencias 132<\/span><\/p>\n<p><a href=\"http:\/\/www.bomberosvalparaiso.cl\/\" target=\"_blank\" rel=\"noopener noreferrer\">Cuerpo de Bomberos de Valpara\u00edso<\/a><br \/>\n<a href=\"http:\/\/www.bomberosvinadelmar.cl\/\" target=\"_blank\" rel=\"noopener noreferrer\">Cuerpo de Bomberos Vi\u00f1a del Mar<\/a><\/p>\n<p><a href=\"http:\/\/www.carabineros.cl\/\" target=\"_blank\" rel=\"noopener noreferrer\">Carabineros<br \/>\n<\/a><span style=\"color: #ff0000;\">Emergencias 133<\/span><\/p>\n<p><a href=\"http:\/\/www.onemi.cl\/en\/region\/valparaiso.html\" target=\"_blank\" rel=\"noopener noreferrer\">ONEMI Regional<br \/>\n<\/a><\/p>\n<p><a href=\"http:\/\/www.pdichile.cl\/paginas\/unidades_policiales\/zonas\/5.HTM\" target=\"_blank\" rel=\"noopener noreferrer\">Investigaciones<\/a><br \/>\n<span style=\"color: #ff0000;\">Emergencias 134<\/span><\/p>\n<p><a href=\"http:\/\/www.137.cl\/\" target=\"_blank\" rel=\"noopener noreferrer\">Emergencias Mar\u00edtimas<\/a><br \/>\n<span style=\"color: #ff0000;\">Emergencias 137<\/span><\/p>\n<p><a href=\"http:\/\/www.conaf.cl\/\" target=\"_blank\" rel=\"noopener noreferrer\">Conaf<\/a><\/p>\n<p>Red Hospitalaria<br \/>\n<span style=\"color: #ff0000;\">Emergencia 131<\/span><\/p>\n<p><a href=\"http:\/\/www.hospitalcarlosvanburen.cl\/\" target=\"_blank\" rel=\"noopener noreferrer\">Hospital Carlos Van Buren<\/a><br \/>\n<a href=\"http:\/\/www.hospitalfricke.cl\/\" target=\"_blank\" rel=\"noopener noreferrer\">Hospital Dr. Gustavo Fricke<\/a><br \/>\n<a href=\"http:\/\/www.hsmq.cl\/\" target=\"_blank\" rel=\"noopener noreferrer\">Hospital San Mart\u00edn de Quillota<\/a><br \/>\n<a href=\"http:\/\/www.hospitalquilpue.cl\/\" target=\"_blank\" rel=\"noopener noreferrer\">Hospital de Quilpu\u00e9<\/a><br \/>\n<a href=\"http:\/\/www.ssvq.cl\/htm\/hospitals\/hpb.htm\" target=\"_blank\" rel=\"noopener noreferrer\">Hospital Juana Ross, de Pe\u00f1ablanca<\/a><br \/>\n<a href=\"http:\/\/www.ssvq.cl\/htm\/hospitals\/hqro.htm\" target=\"_blank\" rel=\"noopener noreferrer\">Hospital Adriana Cousi\u00f1o, de Quintero<\/a><br \/>\n<a href=\"http:\/\/www.ssvq.cl\/htm\/hospitals\/hlim.htm\" target=\"_blank\" rel=\"noopener noreferrer\">Hospital Santo Tom\u00e1s, de Limache<\/a><br \/>\n<a href=\"http:\/\/www.ssvq.cl\/htm\/hospitals\/hlig.htm\" target=\"_blank\" rel=\"noopener noreferrer\">Hospital San Agust\u00edn, de La Ligua<\/a><br \/>\n<a href=\"http:\/\/www.ssvq.cl\/htm\/hospitals\/hcal.htm\" target=\"_blank\" rel=\"noopener noreferrer\">Hospital Dr. Mario S\u00e1nchez, de La Calera<\/a><br \/>\n<a href=\"http:\/\/www.ssvq.cl\/htm\/hospitals\/hcab.htm\" target=\"_blank\" rel=\"noopener noreferrer\">Hospital Dr. V\u00edctor Moll, de Cabildo<\/a><br \/>\n<a href=\"http:\/\/www.ssvq.cl\/htm\/hospitals\/hpet.htm\" target=\"_blank\" rel=\"noopener noreferrer\">Hospital de Petorca<\/a><\/p>\n<section><\/section>\n<p style=\"text-align: center;\">\u00a0<a href=\"http:\/\/www.quintavision.cl\/portal\/infoweb\/\"><img decoding=\"async\" class=\"aligncenter size-full wp-image-38010\" alt=\"back\" src=\"http:\/\/www.quintavision.cl\/portal\/wp-content\/uploads\/2013\/02\/back.jpg\" width=\"92\" height=\"32\" \/><\/a><\/p>\n<p style=\"text-align: center;\">INFOWEB Regional, llega a sus hogares gracias al financiamiento del fondo de medios de comunicaci\u00f3n social del Gobierno de Chile.<\/p>\n<p style=\"text-align: center;\"><a href=\"http:\/\/www.gobiernodechile.cl\/\" target=\"_blank\" rel=\"noopener noreferrer\"><img decoding=\"async\" class=\"size-full wp-image-38475 aligncenter\" alt=\"logo_min\" src=\"http:\/\/www.quintavision.cl\/portal\/wp-content\/uploads\/2013\/02\/logo_min.jpg\" width=\"163\" height=\"148\" \/><\/a><\/p>\n","protected":false},"excerpt":{"rendered":"<p>Bomberos Emergencias 132 Cuerpo de Bomberos de Valpara\u00edso Cuerpo de Bomberos Vi\u00f1a del Mar Carabineros Emergencias 133 ONEMI Regional Investigaciones Emergencias 134 Emergencias Mar\u00edtimas Emergencias 137 Conaf Red Hospitalaria Emergencia 131 Hospital Carlos Van Buren Hospital Dr. Gustavo Fricke Hospital San Mart\u00edn de Quillota Hospital de Quilpu\u00e9 Hospital Juana Ross, de Pe\u00f1ablanca Hospital Adriana Cousi\u00f1o, [&hellip;]<\/p>\n","protected":false},"author":2,"featured_media":0,"parent":37967,"menu_order":3,"comment_status":"closed","ping_status":"closed","template":"page-full.php","meta":{"footnotes":""},"class_list":["post-37999","page","type-page","status-publish","hentry"],"yoast_head":"<!-- This site is optimized with the Yoast SEO plugin v27.5 - https:\/\/yoast.com\/product\/yoast-seo-wordpress\/ -->\n<title>Emergencias - Quinta Visi\u00f3n Televisi\u00f3n<\/title>\n<meta name=\"robots\" content=\"index, follow, max-snippet:-1, max-image-preview:large, max-video-preview:-1\" \/>\n<link rel=\"canonical\" href=\"https:\/\/www.quintavision.cl\/portal\/infoweb\/emergencias-2\/\" \/>\n<meta property=\"og:locale\" content=\"es_ES\" \/>\n<meta property=\"og:type\" content=\"article\" \/>\n<meta property=\"og:title\" content=\"Emergencias - Quinta Visi\u00f3n Televisi\u00f3n\" \/>\n<meta property=\"og:description\" content=\"Bomberos Emergencias 132 Cuerpo de Bomberos de Valpara\u00edso Cuerpo de Bomberos Vi\u00f1a del Mar Carabineros Emergencias 133 ONEMI Regional Investigaciones Emergencias 134 Emergencias Mar\u00edtimas Emergencias 137 Conaf Red Hospitalaria Emergencia 131 Hospital Carlos Van Buren Hospital Dr. Gustavo Fricke Hospital San Mart\u00edn de Quillota Hospital de Quilpu\u00e9 Hospital Juana Ross, de Pe\u00f1ablanca Hospital Adriana Cousi\u00f1o, [&hellip;]\" \/>\n<meta property=\"og:url\" content=\"https:\/\/www.quintavision.cl\/portal\/infoweb\/emergencias-2\/\" \/>\n<meta property=\"og:site_name\" content=\"Quinta Visi\u00f3n Televisi\u00f3n\" \/>\n<meta property=\"article:publisher\" content=\"https:\/\/www.facebook.com\/quintavision.television\" \/>\n<meta property=\"article:modified_time\" content=\"2019-03-04T22:37:49+00:00\" \/>\n<meta property=\"og:image\" content=\"http:\/\/www.quintavision.cl\/portal\/wp-content\/uploads\/2013\/02\/emergencias.jpg\" \/>\n<meta name=\"twitter:card\" content=\"summary_large_image\" \/>\n<meta name=\"twitter:site\" content=\"@quintavision\" \/>\n<meta name=\"twitter:label1\" content=\"Tiempo de lectura\" \/>\n\t<meta name=\"twitter:data1\" content=\"1 minuto\" \/>\n<script type=\"application\/ld+json\" class=\"yoast-schema-graph\">{\"@context\":\"https:\\\/\\\/schema.org\",\"@graph\":[{\"@type\":\"WebPage\",\"@id\":\"https:\\\/\\\/www.quintavision.cl\\\/portal\\\/infoweb\\\/emergencias-2\\\/\",\"url\":\"https:\\\/\\\/www.quintavision.cl\\\/portal\\\/infoweb\\\/emergencias-2\\\/\",\"name\":\"Emergencias - Quinta Visi\u00f3n Televisi\u00f3n\",\"isPartOf\":{\"@id\":\"https:\\\/\\\/www.quintavision.cl\\\/portal\\\/#website\"},\"primaryImageOfPage\":{\"@id\":\"https:\\\/\\\/www.quintavision.cl\\\/portal\\\/infoweb\\\/emergencias-2\\\/#primaryimage\"},\"image\":{\"@id\":\"https:\\\/\\\/www.quintavision.cl\\\/portal\\\/infoweb\\\/emergencias-2\\\/#primaryimage\"},\"thumbnailUrl\":\"http:\\\/\\\/www.quintavision.cl\\\/portal\\\/wp-content\\\/uploads\\\/2013\\\/02\\\/emergencias.jpg\",\"datePublished\":\"2013-02-13T21:38:18+00:00\",\"dateModified\":\"2019-03-04T22:37:49+00:00\",\"breadcrumb\":{\"@id\":\"https:\\\/\\\/www.quintavision.cl\\\/portal\\\/infoweb\\\/emergencias-2\\\/#breadcrumb\"},\"inLanguage\":\"es\",\"potentialAction\":[{\"@type\":\"ReadAction\",\"target\":[\"https:\\\/\\\/www.quintavision.cl\\\/portal\\\/infoweb\\\/emergencias-2\\\/\"]}]},{\"@type\":\"ImageObject\",\"inLanguage\":\"es\",\"@id\":\"https:\\\/\\\/www.quintavision.cl\\\/portal\\\/infoweb\\\/emergencias-2\\\/#primaryimage\",\"url\":\"https:\\\/\\\/www.quintavision.cl\\\/portal\\\/wp-content\\\/uploads\\\/2013\\\/02\\\/emergencias.jpg\",\"contentUrl\":\"https:\\\/\\\/www.quintavision.cl\\\/portal\\\/wp-content\\\/uploads\\\/2013\\\/02\\\/emergencias.jpg\",\"width\":630,\"height\":75},{\"@type\":\"BreadcrumbList\",\"@id\":\"https:\\\/\\\/www.quintavision.cl\\\/portal\\\/infoweb\\\/emergencias-2\\\/#breadcrumb\",\"itemListElement\":[{\"@type\":\"ListItem\",\"position\":1,\"name\":\"Portada\",\"item\":\"https:\\\/\\\/www.quintavision.cl\\\/portal\\\/\"},{\"@type\":\"ListItem\",\"position\":2,\"name\":\"Infoweb\",\"item\":\"https:\\\/\\\/www.quintavision.cl\\\/portal\\\/infoweb\\\/\"},{\"@type\":\"ListItem\",\"position\":3,\"name\":\"Emergencias\"}]},{\"@type\":\"WebSite\",\"@id\":\"https:\\\/\\\/www.quintavision.cl\\\/portal\\\/#website\",\"url\":\"https:\\\/\\\/www.quintavision.cl\\\/portal\\\/\",\"name\":\"Quinta Visi\u00f3n Televisi\u00f3n\",\"description\":\"Tu voz local\",\"publisher\":{\"@id\":\"https:\\\/\\\/www.quintavision.cl\\\/portal\\\/#organization\"},\"alternateName\":\"qv tv\",\"potentialAction\":[{\"@type\":\"SearchAction\",\"target\":{\"@type\":\"EntryPoint\",\"urlTemplate\":\"https:\\\/\\\/www.quintavision.cl\\\/portal\\\/?s={search_term_string}\"},\"query-input\":{\"@type\":\"PropertyValueSpecification\",\"valueRequired\":true,\"valueName\":\"search_term_string\"}}],\"inLanguage\":\"es\"},{\"@type\":\"Organization\",\"@id\":\"https:\\\/\\\/www.quintavision.cl\\\/portal\\\/#organization\",\"name\":\"Quinta Visi\u00f3n Televisi\u00f3n\",\"url\":\"https:\\\/\\\/www.quintavision.cl\\\/portal\\\/\",\"logo\":{\"@type\":\"ImageObject\",\"inLanguage\":\"es\",\"@id\":\"https:\\\/\\\/www.quintavision.cl\\\/portal\\\/#\\\/schema\\\/logo\\\/image\\\/\",\"url\":\"https:\\\/\\\/www.quintavision.cl\\\/portal\\\/wp-content\\\/uploads\\\/2026\\\/01\\\/logon.png\",\"contentUrl\":\"https:\\\/\\\/www.quintavision.cl\\\/portal\\\/wp-content\\\/uploads\\\/2026\\\/01\\\/logon.png\",\"width\":786,\"height\":303,\"caption\":\"Quinta Visi\u00f3n Televisi\u00f3n\"},\"image\":{\"@id\":\"https:\\\/\\\/www.quintavision.cl\\\/portal\\\/#\\\/schema\\\/logo\\\/image\\\/\"},\"sameAs\":[\"https:\\\/\\\/www.facebook.com\\\/quintavision.television\",\"https:\\\/\\\/x.com\\\/quintavision\",\"https:\\\/\\\/www.instagram.com\\\/quintavisiontv\\\/\"]}]}<\/script>\n<!-- \/ Yoast SEO plugin. -->","yoast_head_json":{"title":"Emergencias - Quinta Visi\u00f3n Televisi\u00f3n","robots":{"index":"index","follow":"follow","max-snippet":"max-snippet:-1","max-image-preview":"max-image-preview:large","max-video-preview":"max-video-preview:-1"},"canonical":"https:\/\/www.quintavision.cl\/portal\/infoweb\/emergencias-2\/","og_locale":"es_ES","og_type":"article","og_title":"Emergencias - Quinta Visi\u00f3n Televisi\u00f3n","og_description":"Bomberos Emergencias 132 Cuerpo de Bomberos de Valpara\u00edso Cuerpo de Bomberos Vi\u00f1a del Mar Carabineros Emergencias 133 ONEMI Regional Investigaciones Emergencias 134 Emergencias Mar\u00edtimas Emergencias 137 Conaf Red Hospitalaria Emergencia 131 Hospital Carlos Van Buren Hospital Dr. Gustavo Fricke Hospital San Mart\u00edn de Quillota Hospital de Quilpu\u00e9 Hospital Juana Ross, de Pe\u00f1ablanca Hospital Adriana Cousi\u00f1o, [&hellip;]","og_url":"https:\/\/www.quintavision.cl\/portal\/infoweb\/emergencias-2\/","og_site_name":"Quinta Visi\u00f3n Televisi\u00f3n","article_publisher":"https:\/\/www.facebook.com\/quintavision.television","article_modified_time":"2019-03-04T22:37:49+00:00","og_image":[{"url":"http:\/\/www.quintavision.cl\/portal\/wp-content\/uploads\/2013\/02\/emergencias.jpg","type":"","width":"","height":""}],"twitter_card":"summary_large_image","twitter_site":"@quintavision","twitter_misc":{"Tiempo de lectura":"1 minuto"},"schema":{"@context":"https:\/\/schema.org","@graph":[{"@type":"WebPage","@id":"https:\/\/www.quintavision.cl\/portal\/infoweb\/emergencias-2\/","url":"https:\/\/www.quintavision.cl\/portal\/infoweb\/emergencias-2\/","name":"Emergencias - Quinta Visi\u00f3n Televisi\u00f3n","isPartOf":{"@id":"https:\/\/www.quintavision.cl\/portal\/#website"},"primaryImageOfPage":{"@id":"https:\/\/www.quintavision.cl\/portal\/infoweb\/emergencias-2\/#primaryimage"},"image":{"@id":"https:\/\/www.quintavision.cl\/portal\/infoweb\/emergencias-2\/#primaryimage"},"thumbnailUrl":"http:\/\/www.quintavision.cl\/portal\/wp-content\/uploads\/2013\/02\/emergencias.jpg","datePublished":"2013-02-13T21:38:18+00:00","dateModified":"2019-03-04T22:37:49+00:00","breadcrumb":{"@id":"https:\/\/www.quintavision.cl\/portal\/infoweb\/emergencias-2\/#breadcrumb"},"inLanguage":"es","potentialAction":[{"@type":"ReadAction","target":["https:\/\/www.quintavision.cl\/portal\/infoweb\/emergencias-2\/"]}]},{"@type":"ImageObject","inLanguage":"es","@id":"https:\/\/www.quintavision.cl\/portal\/infoweb\/emergencias-2\/#primaryimage","url":"https:\/\/www.quintavision.cl\/portal\/wp-content\/uploads\/2013\/02\/emergencias.jpg","contentUrl":"https:\/\/www.quintavision.cl\/portal\/wp-content\/uploads\/2013\/02\/emergencias.jpg","width":630,"height":75},{"@type":"BreadcrumbList","@id":"https:\/\/www.quintavision.cl\/portal\/infoweb\/emergencias-2\/#breadcrumb","itemListElement":[{"@type":"ListItem","position":1,"name":"Portada","item":"https:\/\/www.quintavision.cl\/portal\/"},{"@type":"ListItem","position":2,"name":"Infoweb","item":"https:\/\/www.quintavision.cl\/portal\/infoweb\/"},{"@type":"ListItem","position":3,"name":"Emergencias"}]},{"@type":"WebSite","@id":"https:\/\/www.quintavision.cl\/portal\/#website","url":"https:\/\/www.quintavision.cl\/portal\/","name":"Quinta Visi\u00f3n Televisi\u00f3n","description":"Tu voz local","publisher":{"@id":"https:\/\/www.quintavision.cl\/portal\/#organization"},"alternateName":"qv tv","potentialAction":[{"@type":"SearchAction","target":{"@type":"EntryPoint","urlTemplate":"https:\/\/www.quintavision.cl\/portal\/?s={search_term_string}"},"query-input":{"@type":"PropertyValueSpecification","valueRequired":true,"valueName":"search_term_string"}}],"inLanguage":"es"},{"@type":"Organization","@id":"https:\/\/www.quintavision.cl\/portal\/#organization","name":"Quinta Visi\u00f3n Televisi\u00f3n","url":"https:\/\/www.quintavision.cl\/portal\/","logo":{"@type":"ImageObject","inLanguage":"es","@id":"https:\/\/www.quintavision.cl\/portal\/#\/schema\/logo\/image\/","url":"https:\/\/www.quintavision.cl\/portal\/wp-content\/uploads\/2026\/01\/logon.png","contentUrl":"https:\/\/www.quintavision.cl\/portal\/wp-content\/uploads\/2026\/01\/logon.png","width":786,"height":303,"caption":"Quinta Visi\u00f3n Televisi\u00f3n"},"image":{"@id":"https:\/\/www.quintavision.cl\/portal\/#\/schema\/logo\/image\/"},"sameAs":["https:\/\/www.facebook.com\/quintavision.television","https:\/\/x.com\/quintavision","https:\/\/www.instagram.com\/quintavisiontv\/"]}]}},"_links":{"self":[{"href":"https:\/\/www.quintavision.cl\/portal\/wp-json\/wp\/v2\/pages\/37999","targetHints":{"allow":["GET"]}}],"collection":[{"href":"https:\/\/www.quintavision.cl\/portal\/wp-json\/wp\/v2\/pages"}],"about":[{"href":"https:\/\/www.quintavision.cl\/portal\/wp-json\/wp\/v2\/types\/page"}],"author":[{"embeddable":true,"href":"https:\/\/www.quintavision.cl\/portal\/wp-json\/wp\/v2\/users\/2"}],"replies":[{"embeddable":true,"href":"https:\/\/www.quintavision.cl\/portal\/wp-json\/wp\/v2\/comments?post=37999"}],"version-history":[{"count":0,"href":"https:\/\/www.quintavision.cl\/portal\/wp-json\/wp\/v2\/pages\/37999\/revisions"}],"up":[{"embeddable":true,"href":"https:\/\/www.quintavision.cl\/portal\/wp-json\/wp\/v2\/pages\/37967"}],"wp:attachment":[{"href":"https:\/\/www.quintavision.cl\/portal\/wp-json\/wp\/v2\/media?parent=37999"}],"curies":[{"name":"wp","href":"https:\/\/api.w.org\/{rel}","templated":true}]}}