{"id":13676,"date":"2010-05-23T20:03:46","date_gmt":"2010-05-24T00:03:46","guid":{"rendered":"http:\/\/www.quintavision.cl\/portal\/?page_id=13676"},"modified":"2024-10-24T15:33:18","modified_gmt":"2024-10-24T18:33:18","slug":"equipo-directivo","status":"publish","type":"page","link":"https:\/\/www.quintavision.cl\/portal\/corporativo\/equipo-directivo\/","title":{"rendered":"Equipo Directivo"},"content":{"rendered":"<p><strong>Organizaci\u00f3n corporativa<\/strong><\/p>\n<p>Director Ejecutivo: Sr. Rodrigo Oliver Varas<\/p>\n<p>Director de Prensa: Sr. Bernardo V\u00e9liz Araos<\/p>\n<p>Director de Televisi\u00f3n: Sr. Juan Herrera Acu\u00f1a<\/p>\n","protected":false},"excerpt":{"rendered":"<p>Organizaci\u00f3n corporativa Director Ejecutivo: Sr. Rodrigo Oliver Varas Director de Prensa: Sr. Bernardo V\u00e9liz Araos Director de Televisi\u00f3n: Sr. Juan Herrera Acu\u00f1a<\/p>\n","protected":false},"author":2,"featured_media":0,"parent":488,"menu_order":1,"comment_status":"closed","ping_status":"closed","template":"","meta":{"footnotes":""},"class_list":["post-13676","page","type-page","status-publish","hentry"],"yoast_head":"<!-- This site is optimized with the Yoast SEO plugin v27.5 - https:\/\/yoast.com\/product\/yoast-seo-wordpress\/ -->\n<title>Equipo Directivo - Quinta Visi\u00f3n Televisi\u00f3n<\/title>\n<meta name=\"robots\" content=\"index, follow, max-snippet:-1, max-image-preview:large, max-video-preview:-1\" \/>\n<link rel=\"canonical\" href=\"https:\/\/www.quintavision.cl\/portal\/corporativo\/equipo-directivo\/\" \/>\n<meta property=\"og:locale\" content=\"es_ES\" \/>\n<meta property=\"og:type\" content=\"article\" \/>\n<meta property=\"og:title\" content=\"Equipo Directivo - Quinta Visi\u00f3n Televisi\u00f3n\" \/>\n<meta property=\"og:description\" content=\"Organizaci\u00f3n corporativa Director Ejecutivo: Sr. Rodrigo Oliver Varas Director de Prensa: Sr. Bernardo V\u00e9liz Araos Director de Televisi\u00f3n: Sr. Juan Herrera Acu\u00f1a\" \/>\n<meta property=\"og:url\" content=\"https:\/\/www.quintavision.cl\/portal\/corporativo\/equipo-directivo\/\" \/>\n<meta property=\"og:site_name\" content=\"Quinta Visi\u00f3n Televisi\u00f3n\" \/>\n<meta property=\"article:publisher\" content=\"https:\/\/www.facebook.com\/quintavision.television\" \/>\n<meta property=\"article:modified_time\" content=\"2024-10-24T18:33:18+00:00\" \/>\n<meta property=\"og:image\" content=\"https:\/\/www.quintavision.cl\/portal\/wp-content\/uploads\/2020\/05\/logo.gif\" \/>\n\t<meta property=\"og:image:width\" content=\"400\" \/>\n\t<meta property=\"og:image:height\" content=\"110\" \/>\n\t<meta property=\"og:image:type\" content=\"image\/gif\" \/>\n<meta name=\"twitter:card\" content=\"summary_large_image\" \/>\n<meta name=\"twitter:site\" content=\"@quintavision\" \/>\n<meta name=\"twitter:label1\" content=\"Tiempo de lectura\" \/>\n\t<meta name=\"twitter:data1\" content=\"1 minuto\" \/>\n<script type=\"application\/ld+json\" class=\"yoast-schema-graph\">{\"@context\":\"https:\\\/\\\/schema.org\",\"@graph\":[{\"@type\":\"WebPage\",\"@id\":\"https:\\\/\\\/www.quintavision.cl\\\/portal\\\/corporativo\\\/equipo-directivo\\\/\",\"url\":\"https:\\\/\\\/www.quintavision.cl\\\/portal\\\/corporativo\\\/equipo-directivo\\\/\",\"name\":\"Equipo Directivo - Quinta Visi\u00f3n Televisi\u00f3n\",\"isPartOf\":{\"@id\":\"https:\\\/\\\/www.quintavision.cl\\\/portal\\\/#website\"},\"datePublished\":\"2010-05-24T00:03:46+00:00\",\"dateModified\":\"2024-10-24T18:33:18+00:00\",\"breadcrumb\":{\"@id\":\"https:\\\/\\\/www.quintavision.cl\\\/portal\\\/corporativo\\\/equipo-directivo\\\/#breadcrumb\"},\"inLanguage\":\"es\",\"potentialAction\":[{\"@type\":\"ReadAction\",\"target\":[\"https:\\\/\\\/www.quintavision.cl\\\/portal\\\/corporativo\\\/equipo-directivo\\\/\"]}]},{\"@type\":\"BreadcrumbList\",\"@id\":\"https:\\\/\\\/www.quintavision.cl\\\/portal\\\/corporativo\\\/equipo-directivo\\\/#breadcrumb\",\"itemListElement\":[{\"@type\":\"ListItem\",\"position\":1,\"name\":\"Portada\",\"item\":\"https:\\\/\\\/www.quintavision.cl\\\/portal\\\/\"},{\"@type\":\"ListItem\",\"position\":2,\"name\":\"Corporativo\",\"item\":\"https:\\\/\\\/www.quintavision.cl\\\/portal\\\/corporativo\\\/\"},{\"@type\":\"ListItem\",\"position\":3,\"name\":\"Equipo Directivo\"}]},{\"@type\":\"WebSite\",\"@id\":\"https:\\\/\\\/www.quintavision.cl\\\/portal\\\/#website\",\"url\":\"https:\\\/\\\/www.quintavision.cl\\\/portal\\\/\",\"name\":\"Quinta Visi\u00f3n Televisi\u00f3n\",\"description\":\"Tu voz local\",\"publisher\":{\"@id\":\"https:\\\/\\\/www.quintavision.cl\\\/portal\\\/#organization\"},\"alternateName\":\"qv tv\",\"potentialAction\":[{\"@type\":\"SearchAction\",\"target\":{\"@type\":\"EntryPoint\",\"urlTemplate\":\"https:\\\/\\\/www.quintavision.cl\\\/portal\\\/?s={search_term_string}\"},\"query-input\":{\"@type\":\"PropertyValueSpecification\",\"valueRequired\":true,\"valueName\":\"search_term_string\"}}],\"inLanguage\":\"es\"},{\"@type\":\"Organization\",\"@id\":\"https:\\\/\\\/www.quintavision.cl\\\/portal\\\/#organization\",\"name\":\"Quinta Visi\u00f3n Televisi\u00f3n\",\"url\":\"https:\\\/\\\/www.quintavision.cl\\\/portal\\\/\",\"logo\":{\"@type\":\"ImageObject\",\"inLanguage\":\"es\",\"@id\":\"https:\\\/\\\/www.quintavision.cl\\\/portal\\\/#\\\/schema\\\/logo\\\/image\\\/\",\"url\":\"https:\\\/\\\/www.quintavision.cl\\\/portal\\\/wp-content\\\/uploads\\\/2026\\\/01\\\/logon.png\",\"contentUrl\":\"https:\\\/\\\/www.quintavision.cl\\\/portal\\\/wp-content\\\/uploads\\\/2026\\\/01\\\/logon.png\",\"width\":786,\"height\":303,\"caption\":\"Quinta Visi\u00f3n Televisi\u00f3n\"},\"image\":{\"@id\":\"https:\\\/\\\/www.quintavision.cl\\\/portal\\\/#\\\/schema\\\/logo\\\/image\\\/\"},\"sameAs\":[\"https:\\\/\\\/www.facebook.com\\\/quintavision.television\",\"https:\\\/\\\/x.com\\\/quintavision\",\"https:\\\/\\\/www.instagram.com\\\/quintavisiontv\\\/\"]}]}<\/script>\n<!-- \/ Yoast SEO plugin. -->","yoast_head_json":{"title":"Equipo Directivo - Quinta Visi\u00f3n Televisi\u00f3n","robots":{"index":"index","follow":"follow","max-snippet":"max-snippet:-1","max-image-preview":"max-image-preview:large","max-video-preview":"max-video-preview:-1"},"canonical":"https:\/\/www.quintavision.cl\/portal\/corporativo\/equipo-directivo\/","og_locale":"es_ES","og_type":"article","og_title":"Equipo Directivo - Quinta Visi\u00f3n Televisi\u00f3n","og_description":"Organizaci\u00f3n corporativa Director Ejecutivo: Sr. Rodrigo Oliver Varas Director de Prensa: Sr. Bernardo V\u00e9liz Araos Director de Televisi\u00f3n: Sr. Juan Herrera Acu\u00f1a","og_url":"https:\/\/www.quintavision.cl\/portal\/corporativo\/equipo-directivo\/","og_site_name":"Quinta Visi\u00f3n Televisi\u00f3n","article_publisher":"https:\/\/www.facebook.com\/quintavision.television","article_modified_time":"2024-10-24T18:33:18+00:00","og_image":[{"width":400,"height":110,"url":"https:\/\/www.quintavision.cl\/portal\/wp-content\/uploads\/2020\/05\/logo.gif","type":"image\/gif"}],"twitter_card":"summary_large_image","twitter_site":"@quintavision","twitter_misc":{"Tiempo de lectura":"1 minuto"},"schema":{"@context":"https:\/\/schema.org","@graph":[{"@type":"WebPage","@id":"https:\/\/www.quintavision.cl\/portal\/corporativo\/equipo-directivo\/","url":"https:\/\/www.quintavision.cl\/portal\/corporativo\/equipo-directivo\/","name":"Equipo Directivo - Quinta Visi\u00f3n Televisi\u00f3n","isPartOf":{"@id":"https:\/\/www.quintavision.cl\/portal\/#website"},"datePublished":"2010-05-24T00:03:46+00:00","dateModified":"2024-10-24T18:33:18+00:00","breadcrumb":{"@id":"https:\/\/www.quintavision.cl\/portal\/corporativo\/equipo-directivo\/#breadcrumb"},"inLanguage":"es","potentialAction":[{"@type":"ReadAction","target":["https:\/\/www.quintavision.cl\/portal\/corporativo\/equipo-directivo\/"]}]},{"@type":"BreadcrumbList","@id":"https:\/\/www.quintavision.cl\/portal\/corporativo\/equipo-directivo\/#breadcrumb","itemListElement":[{"@type":"ListItem","position":1,"name":"Portada","item":"https:\/\/www.quintavision.cl\/portal\/"},{"@type":"ListItem","position":2,"name":"Corporativo","item":"https:\/\/www.quintavision.cl\/portal\/corporativo\/"},{"@type":"ListItem","position":3,"name":"Equipo Directivo"}]},{"@type":"WebSite","@id":"https:\/\/www.quintavision.cl\/portal\/#website","url":"https:\/\/www.quintavision.cl\/portal\/","name":"Quinta Visi\u00f3n Televisi\u00f3n","description":"Tu voz local","publisher":{"@id":"https:\/\/www.quintavision.cl\/portal\/#organization"},"alternateName":"qv tv","potentialAction":[{"@type":"SearchAction","target":{"@type":"EntryPoint","urlTemplate":"https:\/\/www.quintavision.cl\/portal\/?s={search_term_string}"},"query-input":{"@type":"PropertyValueSpecification","valueRequired":true,"valueName":"search_term_string"}}],"inLanguage":"es"},{"@type":"Organization","@id":"https:\/\/www.quintavision.cl\/portal\/#organization","name":"Quinta Visi\u00f3n Televisi\u00f3n","url":"https:\/\/www.quintavision.cl\/portal\/","logo":{"@type":"ImageObject","inLanguage":"es","@id":"https:\/\/www.quintavision.cl\/portal\/#\/schema\/logo\/image\/","url":"https:\/\/www.quintavision.cl\/portal\/wp-content\/uploads\/2026\/01\/logon.png","contentUrl":"https:\/\/www.quintavision.cl\/portal\/wp-content\/uploads\/2026\/01\/logon.png","width":786,"height":303,"caption":"Quinta Visi\u00f3n Televisi\u00f3n"},"image":{"@id":"https:\/\/www.quintavision.cl\/portal\/#\/schema\/logo\/image\/"},"sameAs":["https:\/\/www.facebook.com\/quintavision.television","https:\/\/x.com\/quintavision","https:\/\/www.instagram.com\/quintavisiontv\/"]}]}},"_links":{"self":[{"href":"https:\/\/www.quintavision.cl\/portal\/wp-json\/wp\/v2\/pages\/13676","targetHints":{"allow":["GET"]}}],"collection":[{"href":"https:\/\/www.quintavision.cl\/portal\/wp-json\/wp\/v2\/pages"}],"about":[{"href":"https:\/\/www.quintavision.cl\/portal\/wp-json\/wp\/v2\/types\/page"}],"author":[{"embeddable":true,"href":"https:\/\/www.quintavision.cl\/portal\/wp-json\/wp\/v2\/users\/2"}],"replies":[{"embeddable":true,"href":"https:\/\/www.quintavision.cl\/portal\/wp-json\/wp\/v2\/comments?post=13676"}],"version-history":[{"count":0,"href":"https:\/\/www.quintavision.cl\/portal\/wp-json\/wp\/v2\/pages\/13676\/revisions"}],"up":[{"embeddable":true,"href":"https:\/\/www.quintavision.cl\/portal\/wp-json\/wp\/v2\/pages\/488"}],"wp:attachment":[{"href":"https:\/\/www.quintavision.cl\/portal\/wp-json\/wp\/v2\/media?parent=13676"}],"curies":[{"name":"wp","href":"https:\/\/api.w.org\/{rel}","templated":true}]}}

<p><strong>Organización corporativa</strong></p>
<p>Director Ejecutivo: Sr. Rodrigo Oliver Varas</p>
<p>Director de Prensa: Sr. Bernardo Véliz Araos</p>
<p>Director de Televisión: Sr. Juan Herrera Acuña</p>

<p>Organización corporativa Director Ejecutivo: Sr. Rodrigo Oliver Varas Director de Prensa: Sr. Bernardo Véliz Araos Director de Televisión: Sr. Juan Herrera Acuña</p>

<!-- This site is optimized with the Yoast SEO plugin v27.5 - https://yoast.com/product/yoast-seo-wordpress/ -->
<title>Equipo Directivo - Quinta Visión Televisión</title>
<meta name="robots" content="index, follow, max-snippet:-1, max-image-preview:large, max-video-preview:-1" />
<link rel="canonical" href="https://www.quintavision.cl/portal/corporativo/equipo-directivo/" />
<meta property="og:locale" content="es_ES" />
<meta property="og:type" content="article" />
<meta property="og:title" content="Equipo Directivo - Quinta Visión Televisión" />
<meta property="og:description" content="Organización corporativa Director Ejecutivo: Sr. Rodrigo Oliver Varas Director de Prensa: Sr. Bernardo Véliz Araos Director de Televisión: Sr. Juan Herrera Acuña" />
<meta property="og:url" content="https://www.quintavision.cl/portal/corporativo/equipo-directivo/" />
<meta property="og:site_name" content="Quinta Visión Televisión" />
<meta property="article:publisher" content="https://www.facebook.com/quintavision.television" />
<meta property="article:modified_time" content="2024-10-24T18:33:18+00:00" />
<meta property="og:image" content="https://www.quintavision.cl/portal/wp-content/uploads/2020/05/logo.gif" />
	<meta property="og:image:width" content="400" />
	<meta property="og:image:height" content="110" />
	<meta property="og:image:type" content="image/gif" />
<meta name="twitter:card" content="summary_large_image" />
<meta name="twitter:site" content="@quintavision" />
<meta name="twitter:label1" content="Tiempo de lectura" />
	<meta name="twitter:data1" content="1 minuto" />
<script type="application/ld+json" class="yoast-schema-graph">{"@context":"https:\/\/schema.org","@graph":[{"@type":"WebPage","@id":"https:\/\/www.quintavision.cl\/portal\/corporativo\/equipo-directivo\/","url":"https:\/\/www.quintavision.cl\/portal\/corporativo\/equipo-directivo\/","name":"Equipo Directivo - Quinta Visión Televisión","isPartOf":{"@id":"https:\/\/www.quintavision.cl\/portal\/#website"},"datePublished":"2010-05-24T00:03:46+00:00","dateModified":"2024-10-24T18:33:18+00:00","breadcrumb":{"@id":"https:\/\/www.quintavision.cl\/portal\/corporativo\/equipo-directivo\/#breadcrumb"},"inLanguage":"es","potentialAction":[{"@type":"ReadAction","target":["https:\/\/www.quintavision.cl\/portal\/corporativo\/equipo-directivo\/"]}]},{"@type":"BreadcrumbList","@id":"https:\/\/www.quintavision.cl\/portal\/corporativo\/equipo-directivo\/#breadcrumb","itemListElement":[{"@type":"ListItem","position":1,"name":"Portada","item":"https:\/\/www.quintavision.cl\/portal\/"},{"@type":"ListItem","position":2,"name":"Corporativo","item":"https:\/\/www.quintavision.cl\/portal\/corporativo\/"},{"@type":"ListItem","position":3,"name":"Equipo Directivo"}]},{"@type":"WebSite","@id":"https:\/\/www.quintavision.cl\/portal\/#website","url":"https:\/\/www.quintavision.cl\/portal\/","name":"Quinta Visión Televisión","description":"Tu voz local","publisher":{"@id":"https:\/\/www.quintavision.cl\/portal\/#organization"},"alternateName":"qv tv","potentialAction":[{"@type":"SearchAction","target":{"@type":"EntryPoint","urlTemplate":"https:\/\/www.quintavision.cl\/portal\/?s={search_term_string}"},"query-input":{"@type":"PropertyValueSpecification","valueRequired":true,"valueName":"search_term_string"}}],"inLanguage":"es"},{"@type":"Organization","@id":"https:\/\/www.quintavision.cl\/portal\/#organization","name":"Quinta Visión Televisión","url":"https:\/\/www.quintavision.cl\/portal\/","logo":{"@type":"ImageObject","inLanguage":"es","@id":"https:\/\/www.quintavision.cl\/portal\/#\/schema\/logo\/image\/","url":"https:\/\/www.quintavision.cl\/portal\/wp-content\/uploads\/2026\/01\/logon.png","contentUrl":"https:\/\/www.quintavision.cl\/portal\/wp-content\/uploads\/2026\/01\/logon.png","width":786,"height":303,"caption":"Quinta Visión Televisión"},"image":{"@id":"https:\/\/www.quintavision.cl\/portal\/#\/schema\/logo\/image\/"},"sameAs":["https:\/\/www.facebook.com\/quintavision.television","https:\/\/x.com\/quintavision","https:\/\/www.instagram.com\/quintavisiontv\/"]}]}</script>
<!-- / Yoast SEO plugin. -->

Equipo Directivo - Quinta Visión Televisión

Organización corporativa Director Ejecutivo: Sr. Rodrigo Oliver Varas Director de Prensa: Sr. Bernardo Véliz Araos Director de Televisión: Sr. Juan Herrera Acuña

Quinta Visión Televisión
